culate the greatest common factor of 120 and 48.
24
Calculate the greatest common factor of 90 and 117.
9
What is the greatest common factor of 580 and 3132?
116
What is the highest common factor of 5258 and 22?
22
What is the highest common factor of 87 and 1856?
29
Calculate the greatest common divisor of 5 and 25.
5
Calculate the greatest common factor of 135 and 10.
5
Calculate the highest common factor of 14310 and 135.
135
Calculate the highest common factor of 12 and 480.
12
What is the highest common factor of 228 and 1444?
76
What is the highest common divisor of 320 and 56?
8
What is the greatest common divisor of 44 and 682?
22
What is the highest common factor of 1272 and 5194?
106
What is the highest common factor of 22 and 913?
11
Calculate the greatest common divisor of 816 and 144.
48
Calculate the highest common factor of 28 and 16289.
7
Calculate the highest common divisor of 44 and 319.
11
What is the highest common divisor of 211 and 40723?
211
Calculate the highest common divisor of 925 and 11840.
185
What is the highest common divisor of 12800 and 50?
50
What is the greatest common factor of 54 and 2808?
54
What is the greatest common factor of 13 and 611?
13
What is the greatest common divisor of 212 and 43884?
212
Calculate the greatest common divisor of 1068 and 12.
12
What is the highest common factor of 221 and 51?
17
Calculate the greatest common divisor of 21 and 126.
21
What is the greatest common divisor of 10 and 13460?
10
Calculate the greatest common factor of 225 and 18.
9
Calculate the greatest common divisor of 2360 and 1298.
118
What is the highest common divisor of 13559 and 728?
91
What is the greatest common divisor of 3 and 3693?
3
What is the greatest common factor of 43 and 64?
1
What is the greatest common factor of 7 and 2?
1
Calculate the highest common factor of 67 and 2144.
67
What is the greatest common factor of 133 and 14?
7
What is the highest common factor of 28 and 1134?
14
What is the highest common divisor of 72 and 80?
8
Calculate the greatest common divisor of 2204 and 464.
116
Calculate the greatest common divisor of 44 and 46794.
22
Calculate the highest common factor of 528 and 4840.
88
Calculate the greatest common divisor of 17 and 119.
17
What is the highest common factor of 16 and 208?
16
Calculate the greatest common factor of 56 and 8680.
56
What is the greatest common factor of 10 and 170?
10
What is the greatest common divisor of 2 and 31?
1
Calculate the greatest common divisor of 184 and 104.
8
What is the greatest common factor of 3 and 96?
3
What is the highest common factor of 18437 and 179?
179
What is the greatest common factor of 180 and 2230?
10
Calculate the highest common divisor of 25 and 1525.
25
What is the highest common factor of 87 and 29?
29
What is the highest common divisor of 20 and 4250?
10
Calculate the greatest common divisor of 126 and 714.
42
Calculate the highest common factor of 44814 and 28.
14
Calculate the greatest common factor of 31681 and 26.
13
Calculate the greatest common divisor of 6951 and 21.
21
Calculate the greatest common divisor of 133 and 247.
19
What is the greatest common factor of 9 and 27?
9
Calculate the highest common divisor of 814 and 4736.
74
Calculate the greatest common divisor of 2784 and 192.
96
What is the greatest common divisor of 144 and 36?
36
Calculate the highest common factor of 1476 and 36.
36
What is the highest common factor of 25 and 1?
1
Calculate the highest common factor of 8 and 2536.
8
Calculate the highest common factor of 413 and 357.
7
What is the greatest common factor of 49 and 8183?
49
Calculate the greatest common divisor of 884 and 208.
52
What is the highest common factor of 29 and 2320?
29
Calculate the greatest common divisor of 833 and 49.
49
Calculate the highest common divisor of 3 and 1371.
3
What is the greatest common divisor of 3 and 2649?
3
Calculate the highest common divisor of 49 and 637.
49
What is the greatest common factor of 240 and 320?
80
Calculate the highest common divisor of 1170 and 2070.
90
Calculate the greatest common divisor of 10 and 810.
10
Calculate the highest common factor of 8635 and 55.
55
What is the greatest common factor of 410 and 902?
82
What is the highest common divisor of 66 and 7359?
33
Calculate the highest common divisor of 34 and 1139.
17
What is the highest common divisor of 469 and 201?
67
Calculate the highest common divisor of 15 and 10.
5
What is the greatest common factor of 492 and 1148?
164
What is the greatest common divisor of 1080 and 36?
36
Calculate the greatest common factor of 21660 and 60.
60
What is the greatest common factor of 2759 and 155?
31
Calculate the highest common factor of 48 and 30768.
48
Calculate the greatest common factor of 28 and 19054.
14
What is the highest common divisor of 1512 and 1344?
168
What is the highest common factor of 15 and 3900?
15
What is the greatest common factor of 189 and 9891?
63
Calculate the highest common divisor of 81 and 33.
3
What is the greatest common divisor of 49 and 11907?
49
What is the highest common divisor of 48 and 192?
48
What is the greatest common factor of 183 and 1159?
61
What is the highest common divisor of 10 and 1765?
5
Calculate the greatest common divisor of 77 and 7.
7
Calculate the greatest common divisor of 377 and 29.
29
Calculate the greatest common factor of 1296 and 81.
81
What is the greatest common factor of 1921 and 17?
17
What is the greatest common factor of 6606 and 234?
18
Calculate the greatest common factor of 10 and 16295.
5
Calculate the greatest common factor of 17 and 4131.
17
What is the greatest common factor of 416 and 32?
32
Calculate the greatest common factor of 40 and 40.
40
Calculate the greatest common divisor of 8883 and 47.
47
Calculate the highest common factor of 14 and 896.
14
What is the greatest common factor of 1914 and 121?
11
What is the greatest common factor of 309 and 3?
3
Calculate the highest common factor of 405 and 165.
15
Calculate the greatest common divisor of 66 and 18.
6
Calculate the highest common factor of 600 and 375.
75
What is the greatest common divisor of 95 and 266?
19
What is the highest common factor of 910 and 56?
14
Calculate the greatest common factor of 55 and 40.
5
What is the greatest common divisor of 49 and 196?
49
What is the highest common factor of 948 and 12?
12
What is the greatest common factor of 127 and 2032?
127
Calculate the highest common factor of 15 and 110.
5
Calculate the greatest common divisor of 299 and 13.
13
What is the greatest common factor of 34 and 918?
34
What is the greatest common factor of 16 and 368?
16
What is the highest common divisor of 200 and 90?
10
Calculate the highest common divisor of 322 and 28.
14
Calculate the greatest common factor of 720 and 64.
16
What is the highest common divisor of 360 and 80?
40
What is the highest common factor of 256 and 128?
128
What is the greatest common divisor of 32 and 104?
8
Calculate the greatest common divisor of 151 and 2416.
151
Calculate the greatest common divisor of 147 and 245.
49
Calculate the highest common factor of 5027 and 77.
11
Calculate the greatest common divisor of 76 and 266.
38
What is the highest common divisor of 11 and 2893?
11
What is the greatest common factor of 6586 and 890?
178
Calculate the highest common divisor of 55 and 145.
5
What is the highest common factor of 20 and 190?
10
Calculate the highest common divisor of 148 and 111.
37
What is the greatest common divisor of 25327 and 124?
31
Calculate the highest common divisor of 24 and 162.
6
What is the greatest common divisor of 63 and 3528?
63
What is the highest common divisor of 63 and 693?
63
Calculate the highest common divisor of 10 and 205.
5
What is the greatest common factor of 332 and 747?
83
Calculate the greatest common factor of 42 and 2064.
6
What is the greatest common factor of 175 and 8075?
25
Calculate the greatest common divisor of 13 and 2509.
13
What is the highest common divisor of 5 and 55?
5
What is the greatest common factor of 112 and 1512?
56
What is the highest common factor of 36 and 162?
18
What is the highest common factor of 23 and 621?
23
What is the greatest common divisor of 654 and 436?
218
What is th